ivided by i?
20
Let t = -11 - -16. Suppose -258 - 307 = -t*k. Suppose 3*s + 6*d - k = d, 4*d - 16 = 0. Calculate the remainder when s is divided by 16.
15
Let r(m) = m**3 - 4*m**2 - 6*m + 2. Let y = 22 - 9. Calculate the remainder when r(6) is divided by y.
12
Let l(n) = -1 + n + n**3 + 2*n + 4*n**2 + 2 - 4*n. Let x(a) = a + 1. Let c be x(-5). What is the remainder when 17 is divided by l(c)?
2
Suppose -2*r + 4*r - 36 = 0. Calculate the remainder when 35 is divided by r.
17
Let g = -109 - -150. What is the remainder when g is divided by 11?
8
Suppose 5*y - 38 = 3*q, 0*q = 3*y + 2*q - 38. Suppose -67 - 173 = -5*i. Calculate the remainder when i is divided by y.
8
Suppose -4*s = -6*s + 32. What is the remainder when 47 is divided by s?
15
Let l = 114 + -80. Let v = l - 15. Calculate the remainder when 56 is divided by v.
18
Suppose 4*i + 48 + 10 = -3*z, 0 = -2*i - 2. Let m = z + 32. Calculate the remainder when (-1)/(-2) - 243/(-6) is divided by m.
13
Let l = 5 + -3. Let m(q) = q**3 + 1 - l + 2 - 3*q**2 - 2*q. What is the remainder when 17 is divided by m(4)?
8
Let y(m) = -8*m + 2 + 7*m - 8 - 9*m. Calculate the remainder when y(-10) is divided by 24.
22
Suppose 0 = 4*l + l - 160. Suppose -3*s = 8 - 2. Calculate the remainder when l is divided by 10 + -3 + (2 - s).
10
Let i = 40 + -24. Let h be (-8)/i - 26/(-4). Suppose 4*n - 6 - h = 0. What is the remainder when 10 is divided by n?
1
Suppose -2*m = -6*m + 92. What is the remainder when m is divided by 12?
11
Let l(z) = -z**3 - 3*z**2 - z + 4. What is the remainder when 12 is divided by l(-3)?
5
Let z(f) = -f - 4. Let w be z(-4). Suppose w = -l - 1 + 38. Let o = -13 + l. What is the remainder when o is divided by 13?
11
Suppose 3*f + 3*c - 105 = 0, -4*f + 180 = -5*c + c. Calculate the remainder when f is divided by 6.
4
Let u(d) = 13*d + 10. Let j(q) = -q**2 + 8*q + 5. What is the remainder when u(3) is divided by j(6)?
15
Let o be (-137)/(-2) + (-5)/10. Suppose -26 + o = x. What is the remainder when x is divided by 15?
12
Suppose -8 = -3*c + 145. Calculate the remainder when c is divided by 18.
15
Let r(b) = 0 + 0 + 13*b - 39*b. What is the remainder when r(-1) is divided by 9?
8
Let p be (-38)/4 - 1/2. Let w(r) = 2*r**2 + 16*r + 14. What is the remainder when w(p) is divided by 19?
16
Let y = 100 - 86. Suppose a - 5*l - 24 = 0, 3*l = a - 9 - 7. What is the remainder when y is divided by a?
2
Calculate the remainder when (4 + (-70)/2)*-2 is divided by 16.
14
Let y be (108/(-63))/((-2)/7). Suppose 0 = -3*c - 0 + y. Calculate the remainder when 7 is divided by c.
1
Suppose 0*d - 5*t + 5 = 3*d, -4*d + 5*t = -30. What is the remainder when 13 is divided by d?
3
Suppose -43*k = -38*k - 95. What is the remainder when 112 is divided by k?
17
Let a = -3 + 3. Suppose a = -3*r - r + 52. Calculate the remainder when 24 is divided by r.
11
Calculate the remainder when 96 is divided by 50*(-4)/(-16)*2.
21
Suppose 0 = 2*g + 4 + 6. Let s = 4 + g. What is the remainder when 2 - -9 - (2 + s) is divided by 4?
2
Let k(z) = z - 5. Suppose 4*d - d + 15 = 0. Let v be k(d). Calculate the remainder when -1 + -1 - (v - -1) is divided by 2.
1
Let t = 0 - -15. Suppose 5*o - 1 = -26, 0 = 2*y + 3*o + 3. Calculate the remainder when t is divided by y.
3
Suppose -3*u + w + 3*w = -67, -u + w + 21 = 0. Calculate the remainder when u is divided by 9.
8
Let b be -5 + (3 + -5)*1. Let f(i) = -3*i**2 + 2*i - 2. Let c be f(2). Calculate the remainder when 1 is divided by b/(-5) + 4/c.
0
Let v be 9/6*-2*-3. Suppose -6*y + 7*y - v = 0. Calculate the remainder when 15 is divided by y.
6
Suppose 4*q = -12 + 100. What is the remainder when 87 is divided by q?
21
Suppose -6 = 4*r - 22. Let t be r/(-10) + (-7)/(-5). Calculate the remainder when t/2 - 189/(-6) is divided by 11.
10
Let q = 72 - 45. Calculate the remainder when 52 is divided by q.
25
Let w(x) = -x**3 - 4*x**2 - 5*x - 4. Let c be w(-4). Suppose -4*h = -4*t + c, -3*t + 0*h - 3*h + 6 = 0. What is the remainder when 5 is divided by t?
2
Let n(w) = w**3 - w**2 - w - 3. Let c be n(2). Suppose 33 = 5*y + 2*r + 2*r, 5*y - 48 = r. Calculate the remainder when y is divided by -1*-2*3 + c.
4
Let i(x) = x**3 - 4*x**2 - 7*x + 1. Let c be i(5). Let h = 25 + c. Calculate the remainder when 31 is divided by h.
15
Suppose -103 + 28 = 5*c. Calculate the remainder when (-3)/c + (-596)/(-20) is divided by 8.
6
Suppose -288 = -s - 83. Suppose 0*y - 5*y = -s. Calculate the remainder when y is divided by 21.
20
What is the remainder when 53 is divided by (-6)/(-18)*(-84)/(-2)?
11
Let d(q) = -43*q - 1. Calculate the remainder when d(-1) is divided by 4.
2
Let u(b) = b - 96. Let c be u(0). Let j(w) = -67*w + 2. Let n be j(-2). Let q = n + c. What is the remainder when q is divided by 14?
12
Let m(g) = 25*g**2 - 3*g + 3. Calculate the remainder when 121 is divided by m(1).
21
Let u(v) = -v**2 + 11*v - 11. Let t be u(9). Let g = t + -4. Suppose 2*z + z = g. Calculate the remainder when 1 is divided by z.
0
Let k = 41 - 24. What is the remainder when 49 is divided by k?
15
Let r be 10/35 - 24/(-14). Suppose -5*y = -153 - r. Calculate the remainder when 91 is divided by y.
29
Suppose 0 = -4*r - 5*q + 26, 4*q = 5*r + 3*q - 18. Suppose 4*m = -1 + 9. What is the remainder when r is divided by m?
0
Suppose 0*j + 2*j - 31 = -3*n, -j + 5*n = 4. What is the remainder when 28 is divided by j?
6
Let w(p) = -p**3 + 6*p**2 + 8*p + 3. Let h = 10 + -6. Let u = h - -24. What is the remainder when u is divided by w(7)?
8
Let f = 61 - 52. Calculate the remainder when 16 is divided by f.
7
Suppose 2*f + 2*f - 92 = 0. Suppose -4*s + 4 = 4*a - 36, f = 5*a - 4*s. Calculate the remainder when a is divided by (-44)/(-10) - 2/5.
3
Let p(d) = 2*d + 4. Calculate the remainder when 130 is divided by p(9).
20
Let d = 41 - -11. Let i(m) = 3*m**2 + 27. Calculate the remainder when d is divided by i(0).
25
Suppose -3*y - 2*u + 349 = 0, 3*y - y - 236 = 2*u. What is the remainder when y is divided by 24?
21
Suppose 0*y = 2*y + 4. Calculate the remainder when (-17 + 3)/(y - -1) is divided by 5.
4
Suppose 3*m - 48 - 234 = 0. Calculate the remainder when m is divided by 24.
22
Suppose 8 = q + m, 2*q + 0*m + m = 21. What is the remainder when (-4)/6*(-525)/14 is divided by q?
12
Let j(f) = f**3 - f**2. Let m = 50 - 34. Suppose -34 - m = -5*z. Calculate the remainder when j(3) is divided by z.
8
Let s(y) = -y**2 + 11*y + 10. Calculate the remainder when s(10) is divided by 11.
9
Let l be 3/(2 + (-18)/8). Let v = -6 - 14. Let c = l - v. What is the remainder when c is divided by 5?
3
Let q(z) = z - 12. Let o be q(0). Let l = 21 + o. Let w = -4 + l. What is the remainder when 7 is divided by w?
2
Suppose -4*m = 5*n - 6, n = 3*m - 0*m + 5. Calculate the remainder when -2*n/(-2)*5 is divided by 5.
0
What is the remainder when 42 is divided by (-24)/(-2) - (11 + -10)?
9
Suppose 2*q - 25 = 59. Calculate the remainder when q is divided by 15.
12
Let z(j) = -j**3 - 3*j**2 - 3. Let y be z(-3). Let q(c) = -c**2 + 7*c + 14. Calculate the remainder when 2/y*531/(-6) is divided by q(6).
19
Suppose -15 = -3*m, -4*r - 2*m = -7*r + 275. Suppose 0 = -4*f - f + 3*s + r, 19 = f + 3*s. What is the remainder when f is divided by 7?
5
Suppose -2*w = -7*w + 65. Suppose -2*u = -2*d - 0*d + 74, u + 151 = 4*d. Calculate the remainder when d is divided by w.
12
Suppose -2*z = -4*l - 38, -4*l = -3*z + l + 53. What is the remainder when 15 is divided by z?
4
Let t be 297/2*(-8)/6. Let s = 22 - 10. What is the remainder when (t/s)/(3/(-4)) is divided by 8?
6
Suppose -48 = -3*p - 9. Let z be -1*1 - p/(-1). Let a = z - 8. What is the remainder when a is divided by 2?
0
Let y = 27 - -3. Calculate the remainder when y is divided by 11.
8
Let d(i) = -5 + 5*i + 1 - 2 + i**2 + 2*i. Calculate the remainder when 5 is divided by d(-8).
1
What is the remainder when 13 is divided by ((-180)/20)/((-1)/2 + -1)?
1
Suppose j + 0*j - 5 = 0. Suppose 5*x = -25 - j. Let z(i) = i**2 + 4*i + 1. What is the remainder when 37 is divided by z(x)?
11
Let m be ((-207)/(-6))/((-1)/(-2)). Suppose 3*f + 23 + 43 = 0. Let z = f + m. Calculate the remainder when z is divided by 12.
11
Suppose 9*d - 7*d - 34 = 0. Let p(q) be the second derivative of -q**5/20 + q**4/12 + 49*q**2/2 - q. What is the r